{"id":14,"date":"2013-09-26T15:19:34","date_gmt":"2013-09-26T14:19:34","guid":{"rendered":"http:\/\/www.archeoaep.fr\/?page_id=14"},"modified":"2025-12-11T14:56:38","modified_gmt":"2025-12-11T13:56:38","slug":"panier","status":"publish","type":"page","link":"https:\/\/archeoaep.fr\/?page_id=14","title":{"rendered":"Panier"},"content":{"rendered":"\n<p class=\"has-white-color has-vivid-red-background-color has-text-color has-background has-link-color wp-elements-d7049b504122d5b456ae6b2564117d79\"><strong>Attention : <\/strong>en raison des cong\u00e9s de fin d&rsquo;ann\u00e9e, nous serons indisponibles du 19\/12\/25 au 05\/01\/26. Aucune commande ne pourra \u00eatre envoy\u00e9e apr\u00e8s le 18\/12 : merci de ne passer vos commandes qu&rsquo;apr\u00e8s ces dates.<\/p>\n\n\n\n<p class=\"has-white-color has-vivid-red-background-color has-text-color has-background has-link-color wp-elements-e81f6ec717e4b6ce0cf022f4d38807cc\">Par ailleurs, <strong>le paiement<\/strong> par carte bancaire est temporairement d\u00e9activ\u00e9. Nous essayons de le r\u00e9tablir au plus vite. Merci de privil\u00e9gier les paiements par virements bancaires.<\/p>\n\n\n\n<p><\/p>\n\n\n\n<p><\/p>\n\n\n<\/p>\n<div class=\"woocommerce\"><div class=\"woocommerce-notices-wrapper\"><\/div><div class=\"wc-empty-cart-message\">\n\t<div class=\"cart-empty woocommerce-info\" role=\"status\">\n\t\tVotre panier est actuellement vide.\t<\/div>\n<\/div>\t<p class=\"return-to-shop\">\n\t\t<a class=\"button wc-backward\" href=\"https:\/\/archeoaep.fr\/?page_id=13\">\n\t\t\tRetour \u00e0 la boutique\t\t<\/a>\n\t<\/p>\n<\/div>\n\n\n<h5 class=\"wp-block-heading\">Codes promos :<\/h5>\n\n\n\n<p>\u00ab\u00a0libraires\u00a0\u00bb pour les professionnels (-30 %), \u00ab\u00a0auteurs\u00a0\u00bb pour les ouvrages collectifs (-30 %)<\/p>\n","protected":false},"excerpt":{"rendered":"<p>Attention : en raison des cong\u00e9s de fin d&rsquo;ann\u00e9e, nous serons indisponibles du 19\/12\/25 au 05\/01\/26. Aucune commande ne pourra \u00eatre envoy\u00e9e apr\u00e8s le 18\/12 : merci de ne passer [&hellip;]<\/p>\n","protected":false},"author":1,"featured_media":0,"parent":0,"menu_order":0,"comment_status":"closed","ping_status":"open","template":"","meta":{"footnotes":""},"class_list":["post-14","page","type-page","status-publish","hentry","has_no_thumb"],"_links":{"self":[{"href":"https:\/\/archeoaep.fr\/index.php?rest_route=\/wp\/v2\/pages\/14","targetHints":{"allow":["GET"]}}],"collection":[{"href":"https:\/\/archeoaep.fr\/index.php?rest_route=\/wp\/v2\/pages"}],"about":[{"href":"https:\/\/archeoaep.fr\/index.php?rest_route=\/wp\/v2\/types\/page"}],"author":[{"embeddable":true,"href":"https:\/\/archeoaep.fr\/index.php?rest_route=\/wp\/v2\/users\/1"}],"replies":[{"embeddable":true,"href":"https:\/\/archeoaep.fr\/index.php?rest_route=%2Fwp%2Fv2%2Fcomments&post=14"}],"version-history":[{"count":13,"href":"https:\/\/archeoaep.fr\/index.php?rest_route=\/wp\/v2\/pages\/14\/revisions"}],"predecessor-version":[{"id":1429,"href":"https:\/\/archeoaep.fr\/index.php?rest_route=\/wp\/v2\/pages\/14\/revisions\/1429"}],"wp:attachment":[{"href":"https:\/\/archeoaep.fr\/index.php?rest_route=%2Fwp%2Fv2%2Fmedia&parent=14"}],"curies":[{"name":"wp","href":"https:\/\/api.w.org\/{rel}","templated":true}]}}