{"id":1301,"date":"2024-11-19T06:30:57","date_gmt":"2024-11-19T05:30:57","guid":{"rendered":"https:\/\/www.archeoaep.fr\/?post_type=product&#038;p=1301"},"modified":"2025-12-11T14:19:38","modified_gmt":"2025-12-11T13:19:38","slug":"saint-paul-trois-chateaux-drome-site-funeraire-et-centre-territorial-du-chasseen-recent-rhodanien-neolithique-debut-du-ive-millenaire-avant-notre-ere","status":"publish","type":"product","link":"https:\/\/archeoaep.fr\/?product=saint-paul-trois-chateaux-drome-site-funeraire-et-centre-territorial-du-chasseen-recent-rhodanien-neolithique-debut-du-ive-millenaire-avant-notre-ere","title":{"rendered":"Saint-Paul-Trois-Ch\u00e2teaux (Dr\u00f4me) Site fun\u00e9raire et centre territorial du Chass\u00e9en r\u00e9cent rhodanien (N\u00e9olithique \u2013 d\u00e9but du IVe mill\u00e9naire avant notre \u00e8re)"},"content":{"rendered":"<p><em><strong>Sous la direction d&rsquo;Alain Beeching<br \/>\n<\/strong><\/em><\/p>\n<div class=\"\">\n<p>Le Chass\u00e9en, vaste complexe culturel au c\u0153ur du N\u00e9olithique occidental, pr\u00e9sente de nombreuses variantes g\u00e9ographiques et chronologiques dans le champ des productions mat\u00e9rielles, qui permettent traditionnellement sa premi\u00e8re approche identitaire. Pourtant, malgr\u00e9 des centaines de sites dans chaque r\u00e9gion, ses modes de fonctionnement \u00e9conomique et social restent encore tr\u00e8s mal connus. Dans la France m\u00e9ridionale, apr\u00e8s l\u2019\u00e9poque des fouilles en grottes et le lent d\u00e9veloppement de celles en plein air, fortement li\u00e9es \u00e0 l\u2019activit\u00e9 pr\u00e9ventive impos\u00e9e par la loi, de nombreuses donn\u00e9es jusqu\u2019ici inconnues sont apparues ou se sont d\u00e9velopp\u00e9es. Le domestique et le fun\u00e9raire, la part des mondes exploit\u00e9s du min\u00e9ral, du v\u00e9g\u00e9tal et de l\u2019animal se r\u00e9v\u00e8lent mieux gr\u00e2ce \u00e0 de multiples travaux d\u2019analyse. C\u2019est ce qui a \u00e9t\u00e9 longuement r\u00e9alis\u00e9 ici \u00e0 Saint-Paul-Trois-Ch\u00e2teaux comme le montre la pr\u00e9sente monographie. Pour le stade r\u00e9cent du Chass\u00e9en, couvrant la premi\u00e8re moiti\u00e9 du 4e mill\u00e9naire avant notre \u00e8re, quelques tr\u00e8s grands sites livrent de multiples traces d\u2019activit\u00e9s distribu\u00e9es et sectoris\u00e9es sur de vastes superficies, mais pas sur le mode du village group\u00e9 et dense. Il pourrait s\u2019agir ici d\u2019un des secteurs sp\u00e9cialis\u00e9s de ces grands complexes. On y a trouv\u00e9 une abondance de fosses-silos et l\u2019outillage li\u00e9 de transformation des c\u00e9r\u00e9ales, ainsi que de nombreux d\u00e9p\u00f4ts fun\u00e9raires en r\u00e9emploi ou imitation de ce type de structure en creux, traduisant un choix de recrutement et une hi\u00e9rarchie entre les inhum\u00e9s ; parfois des sacrifices. La pr\u00e9sence d\u2019ossements humains isol\u00e9s assimilables \u00e0 des reliquaires, de d\u00e9p\u00f4ts intentionnels d\u2019objets, ainsi que la consommation exacerb\u00e9e du chien pourraient \u00eatre li\u00e9es \u00e0 des manifestations de c\u00e9l\u00e9brations rituelles. La grande diversit\u00e9 des approvisionnements en mati\u00e8res premi\u00e8res, parfois exotiques, renforcerait cette hypoth\u00e8se d\u2019un lieu jouant un r\u00f4le de centre territorial pour certaines activit\u00e9s de la soci\u00e9t\u00e9 de ce Chass\u00e9en r\u00e9cent rhodanien.<\/p>\n<\/div>\n<p><em>The Chass\u00e9en, a vast cultural complex of the Western European Neolithic, presents numerous geographical and chronological variants in the field of material productions, which traditionally allow its first approach in identity. However, despite sometimes hundreds of sites in each region, its modes of economic and social functioning still remain very poorly known. In Southern France, after the era of cave excavations and the slow development of those in the open air, strongly linked to the preventive activity imposed by law, numerous hitherto unknown data appeared and developed. Domestic and funerary activities, the share of exploited mineral, plant and animal worlds are better revealed thanks to multiple analytical works. This is what has been carried out at length here in Saint-Paul-Trois-Ch\u00e2teaux as shown in this monograph. For the recent stage of the Chass\u00e9en, covering the first half of the 4th millennium BC, a few very large sites provide multiple traces of activity distributed and sectorized over very large areas but therefore not in the mode of the grouped and dense village. This could be one of the specialized sectors of these large complexes. An abundance of silo pits and related cereal processing tools were found there, as well as numerous funerary deposits reused or imitating this type of dug structure, reflecting a recruitment choice and a hierarchy between those buried; sometimes sacrifices. The presence of isolated human bones comparable to reliquaries, intentional deposits of objects, as well as the dog\u2019s excessive consumption could be linked to manifestations of ritual celebra- tions. The great diversity of supplies of raw materials, sometimes exotic, would reinforce this hypothesis of a place playing the role of territorial center for certain activities of the society of this recent rhodanian Chass\u00e9en.<\/em><\/p>\n","protected":false},"excerpt":{"rendered":"<p>Sous la direction d&rsquo;Alain Beeching Le Chass\u00e9en, vaste complexe culturel au c\u0153ur du N\u00e9olithique occidental, pr\u00e9sente de nombreuses variantes g\u00e9ographiques et chronologiques dans le champ des productions mat\u00e9rielles, qui permettent [&hellip;]<\/p>\n","protected":false},"featured_media":1304,"comment_status":"closed","ping_status":"closed","template":"","meta":[],"product_brand":[],"product_cat":[166],"product_tag":[287,91,265,145,21,78,207,75,289,93,22,288],"class_list":{"0":"post-1301","1":"product","2":"type-product","3":"status-publish","4":"has-post-thumbnail","6":"product_cat-monographies-syntheses-et-colloques","7":"product_tag-anthropologie","8":"product_tag-archeozoologie","9":"product_tag-botanique","10":"product_tag-carpologie","11":"product_tag-ceramique","12":"product_tag-chasseen","13":"product_tag-megalithisme","14":"product_tag-neolithique","15":"product_tag-rhone-alpess","16":"product_tag-sepultures","17":"product_tag-silex","18":"product_tag-vallee-ru-rhone","19":"pa_isbn-978-2-35842-034-1","20":"pa_nombre-de-pages-275","21":"pa_poids-1966-g","22":"has_thumb","24":"first","25":"instock","26":"purchasable","27":"product-type-simple"},"_links":{"self":[{"href":"https:\/\/archeoaep.fr\/index.php?rest_route=\/wp\/v2\/product\/1301","targetHints":{"allow":["GET"]}}],"collection":[{"href":"https:\/\/archeoaep.fr\/index.php?rest_route=\/wp\/v2\/product"}],"about":[{"href":"https:\/\/archeoaep.fr\/index.php?rest_route=\/wp\/v2\/types\/product"}],"replies":[{"embeddable":true,"href":"https:\/\/archeoaep.fr\/index.php?rest_route=%2Fwp%2Fv2%2Fcomments&post=1301"}],"wp:featuredmedia":[{"embeddable":true,"href":"https:\/\/archeoaep.fr\/index.php?rest_route=\/wp\/v2\/media\/1304"}],"wp:attachment":[{"href":"https:\/\/archeoaep.fr\/index.php?rest_route=%2Fwp%2Fv2%2Fmedia&parent=1301"}],"wp:term":[{"taxonomy":"product_brand","embeddable":true,"href":"https:\/\/archeoaep.fr\/index.php?rest_route=%2Fwp%2Fv2%2Fproduct_brand&post=1301"},{"taxonomy":"product_cat","embeddable":true,"href":"https:\/\/archeoaep.fr\/index.php?rest_route=%2Fwp%2Fv2%2Fproduct_cat&post=1301"},{"taxonomy":"product_tag","embeddable":true,"href":"https:\/\/archeoaep.fr\/index.php?rest_route=%2Fwp%2Fv2%2Fproduct_tag&post=1301"}],"curies":[{"name":"wp","href":"https:\/\/api.w.org\/{rel}","templated":true}]}}