{"id":162,"date":"2005-09-26T22:10:47","date_gmt":"2005-09-26T21:10:47","guid":{"rendered":"http:\/\/www.archeoaep.fr\/?post_type=product&#038;p=162"},"modified":"2020-01-27T11:39:06","modified_gmt":"2020-01-27T10:39:06","slug":"le-verazien","status":"publish","type":"product","link":"https:\/\/archeoaep.fr\/?product=le-verazien","title":{"rendered":"AEP 17 &#8211; La c\u00e9ramique v\u00e9razienne de Mailhac"},"content":{"rendered":"<h2>AEP n\u00b0\u00a017 &#8211; La c\u00e9ramique v\u00e9razienne de Mailhac (Aude)<\/h2>\n<h3><strong>Annie MONT\u00c9CINOS, 2005<\/strong><\/h3>\n<p>C\u2019est dans les ann\u00e9es 1960, \u00e0 la suite des recherches r\u00e9alis\u00e9es dans les grottes de V\u00e9raza (Aude), que Jean Guilaine utilise pour la premi\u00e8re fois le terme de \u00ab\u00a0groupe de V\u00e9raza\u00a0\u00bb. Depuis, la notion de V\u00e9razien s\u2019est inscrite durablement dans les divers groupes culturels de la fin du N\u00e9olithique en Languedoc. En 1977, lors du colloque de Narbonne enti\u00e8rement consacr\u00e9 \u00e0 cet horizon, Jean Vaquer esquisse l\u2019\u00e9volution tripartite de cette culture. Pourtant, depuis cette date, l\u2019attribution chronologique de certains gisements reste souvent largement tributaire des r\u00e9visions des datations C14 qui font relever de la phase classique des gisements initialement attribu\u00e9s \u00e0 la phase ancienne ou r\u00e9cente et inversement. Ce travail de chrono-typologie, fond\u00e9 sur l\u2019\u00e9tude exhaustive du mobilier c\u00e9ramique, constitue un axe de recherche novateur pour la p\u00e9riode et devra \u00eatre approfondi \u00e0 travers de nouvelles \u00e9tudes.<\/p>\n","protected":false},"excerpt":{"rendered":"<p>AEP n\u00b0\u00a017 &#8211; La c\u00e9ramique v\u00e9razienne de Mailhac (Aude) Annie MONT\u00c9CINOS, 2005 C\u2019est dans les ann\u00e9es 1960, \u00e0 la suite des recherches r\u00e9alis\u00e9es dans les grottes de V\u00e9raza (Aude), que [&hellip;]<\/p>\n","protected":false},"featured_media":41,"comment_status":"closed","ping_status":"closed","template":"","meta":[],"product_brand":[],"product_cat":[165],"product_tag":[21,20],"class_list":{"0":"post-162","1":"product","2":"type-product","3":"status-publish","4":"has-post-thumbnail","6":"product_cat-archives-decologie-prehistorique","7":"product_tag-ceramique","8":"product_tag-neolithique-final","9":"pa_nombre-de-pages-36","10":"has_thumb","12":"first","13":"instock","14":"sale","15":"taxable","16":"shipping-taxable","17":"purchasable","18":"product-type-simple"},"_links":{"self":[{"href":"https:\/\/archeoaep.fr\/index.php?rest_route=\/wp\/v2\/product\/162","targetHints":{"allow":["GET"]}}],"collection":[{"href":"https:\/\/archeoaep.fr\/index.php?rest_route=\/wp\/v2\/product"}],"about":[{"href":"https:\/\/archeoaep.fr\/index.php?rest_route=\/wp\/v2\/types\/product"}],"replies":[{"embeddable":true,"href":"https:\/\/archeoaep.fr\/index.php?rest_route=%2Fwp%2Fv2%2Fcomments&post=162"}],"wp:featuredmedia":[{"embeddable":true,"href":"https:\/\/archeoaep.fr\/index.php?rest_route=\/wp\/v2\/media\/41"}],"wp:attachment":[{"href":"https:\/\/archeoaep.fr\/index.php?rest_route=%2Fwp%2Fv2%2Fmedia&parent=162"}],"wp:term":[{"taxonomy":"product_brand","embeddable":true,"href":"https:\/\/archeoaep.fr\/index.php?rest_route=%2Fwp%2Fv2%2Fproduct_brand&post=162"},{"taxonomy":"product_cat","embeddable":true,"href":"https:\/\/archeoaep.fr\/index.php?rest_route=%2Fwp%2Fv2%2Fproduct_cat&post=162"},{"taxonomy":"product_tag","embeddable":true,"href":"https:\/\/archeoaep.fr\/index.php?rest_route=%2Fwp%2Fv2%2Fproduct_tag&post=162"}],"curies":[{"name":"wp","href":"https:\/\/api.w.org\/{rel}","templated":true}]}}