{"id":168,"date":"2009-10-30T20:14:05","date_gmt":"2009-10-30T19:14:05","guid":{"rendered":"http:\/\/www.archeoaep.fr\/?product=de-mediterranee-et-dailleurs"},"modified":"2026-03-23T11:35:34","modified_gmt":"2026-03-23T10:35:34","slug":"de-mediterranee-et-dailleurs","status":"publish","type":"product","link":"https:\/\/archeoaep.fr\/?product=de-mediterranee-et-dailleurs","title":{"rendered":"De M\u00e9diterran\u00e9e et d\u2019ailleurs&#8230;"},"content":{"rendered":"<div>\n<div>\n<h1>De M\u00e9diterran\u00e9e et d\u2019ailleurs&#8230; M\u00e9langes offerts \u00e0 Jean Guilaine.<\/h1>\n<\/div>\n<\/div>\n<h3><strong><strong>2009<\/strong>,collectif<\/strong><\/h3>\n<p>Principalement ax\u00e9es sur la Pr\u00e9histoire et la Protohistoire m\u00e9diterran\u00e9ennes et toujours replac\u00e9es dans des perspectives historiques, les recherches men\u00e9es depuis pr\u00e8s de cinquante ans par le professeur Jean Guilaine ont pu \u00eatre transmises au plus grand nombre gr\u00e2ce \u00e0 la chaire \u00ab\u00a0Civilisations de l\u2019Europe au N\u00e9olithique et \u00e0 l\u2019\u00c2ge du bronze\u00a0\u00bb qu\u2019il a anim\u00e9e entre 1995 et 2007 au sein du Coll\u00e8ge de France. Plus d\u2019une centaine de chercheurs de nationalit\u00e9s diverses ont souhait\u00e9, \u00e0 travers cet ouvrage, rendre hommage \u00e0 la richesse de ses travaux mais \u00e9galement \u00e0 l\u2019homme, passionn\u00e9 et toujours d\u00e9sireux de faire partager son savoir. La diversit\u00e9 des aires g\u00e9ographiques et la vari\u00e9t\u00e9 des th\u00e9matiques abord\u00e9es dans les articles ici rassembl\u00e9s soulignent l\u2019envergure de recherches qui contribuent \u00e0 jalonner les routes de l\u2019histoire europ\u00e9enne.<\/p>\n","protected":false},"excerpt":{"rendered":"<p>De M\u00e9diterran\u00e9e et d\u2019ailleurs&#8230; M\u00e9langes offerts \u00e0 Jean Guilaine. 2009,collectif Principalement ax\u00e9es sur la Pr\u00e9histoire et la Protohistoire m\u00e9diterran\u00e9ennes et toujours replac\u00e9es dans des perspectives historiques, les recherches men\u00e9es depuis [&hellip;]<\/p>\n","protected":false},"featured_media":57,"comment_status":"closed","ping_status":"closed","template":"","meta":[],"product_brand":[],"product_cat":[166],"product_tag":[118,107,108,79,116],"class_list":{"0":"post-168","1":"product","2":"type-product","3":"status-publish","4":"has-post-thumbnail","6":"product_cat-monographies-syntheses-et-colloques","7":"product_tag-mediterranee","8":"product_tag-mesolithique-recent","9":"product_tag-neolithique-ancien","10":"product_tag-neolithique-moyen","11":"product_tag-neolithisation","12":"pa_isbn-978-2-35842-001-3","13":"pa_nombre-de-pages-43","14":"has_thumb","16":"first","17":"instock","18":"sale","19":"taxable","20":"shipping-taxable","21":"purchasable","22":"product-type-simple"},"_links":{"self":[{"href":"https:\/\/archeoaep.fr\/index.php?rest_route=\/wp\/v2\/product\/168","targetHints":{"allow":["GET"]}}],"collection":[{"href":"https:\/\/archeoaep.fr\/index.php?rest_route=\/wp\/v2\/product"}],"about":[{"href":"https:\/\/archeoaep.fr\/index.php?rest_route=\/wp\/v2\/types\/product"}],"replies":[{"embeddable":true,"href":"https:\/\/archeoaep.fr\/index.php?rest_route=%2Fwp%2Fv2%2Fcomments&post=168"}],"wp:featuredmedia":[{"embeddable":true,"href":"https:\/\/archeoaep.fr\/index.php?rest_route=\/wp\/v2\/media\/57"}],"wp:attachment":[{"href":"https:\/\/archeoaep.fr\/index.php?rest_route=%2Fwp%2Fv2%2Fmedia&parent=168"}],"wp:term":[{"taxonomy":"product_brand","embeddable":true,"href":"https:\/\/archeoaep.fr\/index.php?rest_route=%2Fwp%2Fv2%2Fproduct_brand&post=168"},{"taxonomy":"product_cat","embeddable":true,"href":"https:\/\/archeoaep.fr\/index.php?rest_route=%2Fwp%2Fv2%2Fproduct_cat&post=168"},{"taxonomy":"product_tag","embeddable":true,"href":"https:\/\/archeoaep.fr\/index.php?rest_route=%2Fwp%2Fv2%2Fproduct_tag&post=168"}],"curies":[{"name":"wp","href":"https:\/\/api.w.org\/{rel}","templated":true}]}}

De Méditerranée et d’ailleurs&#8230;

<div>
<div>
<h1>De Méditerranée et d’ailleurs&#8230; Mélanges offerts à Jean Guilaine.</h1>
</div>
</div>
<h3><strong><strong>2009</strong>,collectif</strong></h3>
<p>Principalement axées sur la Préhistoire et la Protohistoire méditerranéennes et toujours replacées dans des perspectives historiques, les recherches menées depuis près de cinquante ans par le professeur Jean Guilaine ont pu être transmises au plus grand nombre grâce à la chaire « Civilisations de l’Europe au Néolithique et à l’Âge du bronze » qu’il a animée entre 1995 et 2007 au sein du Collège de France. Plus d’une centaine de chercheurs de nationalités diverses ont souhaité, à travers cet ouvrage, rendre hommage à la richesse de ses travaux mais également à l’homme, passionné et toujours désireux de faire partager son savoir. La diversité des aires géographiques et la variété des thématiques abordées dans les articles ici rassemblés soulignent l’envergure de recherches qui contribuent à jalonner les routes de l’histoire européenne.</p>

<p>De Méditerranée et d’ailleurs&#8230; Mélanges offerts à Jean Guilaine. 2009,collectif Principalement axées sur la Préhistoire et la Protohistoire méditerranéennes et toujours replacées dans des perspectives historiques, les recherches menées depuis [&hellip;]</p>
