{"id":178,"date":"1997-09-30T20:41:45","date_gmt":"1997-09-30T19:41:45","guid":{"rendered":"http:\/\/www.archeoaep.fr\/?product=la-poste-vieille"},"modified":"2025-01-20T00:44:02","modified_gmt":"2025-01-19T23:44:02","slug":"la-poste-vieille","status":"publish","type":"product","link":"https:\/\/archeoaep.fr\/?product=la-poste-vieille","title":{"rendered":"La Poste Vieille \u00e0 Pezens (Aude)"},"content":{"rendered":"<h1>La Poste Vieille \u00e0 Pezens (Aude). De l\u2019enceinte n\u00e9olithique \u00e0 la bastide d\u2019Alzau.<\/h1>\n<h3><strong>1997<\/strong>, Jean GUILAINE, Pascale BARTHES <i>et al.<\/i><\/h3>\n<p>Eperon barr\u00e9 par une vaste enceinte \u00e0 foss\u00e9 interrompu, celui-ci doubl\u00e9 d\u2019une palissade, le site de la Poste-Vieille \u00e0 Pezens (Aude) a \u00e9t\u00e9 occup\u00e9 au cours du N\u00e9olithique moyen (V\/IVe mill\u00e9naires). Un b\u00e2timent circulaire de l\u2019Age du Cuivre &#8211; complexe campaniforme &#8211; f\u00fbt \u00e9lev\u00e9 \u00e0 proximit\u00e9 au IIIe mill\u00e9naire. Dans l\u2019enceinte m\u00eame ont \u00e9t\u00e9 reconnus des vestiges de l\u2019Age du Bronze (IIe mill\u00e9naire). Enfin, au bas Moyen Age, on construit sur ce t\u00e8nement la bastide d\u2019Alzau, r\u00e9sidence nobiliaire d\u00e9truite sur ordre royal en 1632.<\/p>\n","protected":false},"excerpt":{"rendered":"<p>La Poste Vieille \u00e0 Pezens (Aude). De l\u2019enceinte n\u00e9olithique \u00e0 la bastide d\u2019Alzau. 1997, Jean GUILAINE, Pascale BARTHES et al. Eperon barr\u00e9 par une vaste enceinte \u00e0 foss\u00e9 interrompu, celui-ci [&hellip;]<\/p>\n","protected":false},"featured_media":65,"comment_status":"closed","ping_status":"closed","template":"","meta":[],"product_brand":[],"product_cat":[166],"product_tag":[81,21,97,99,20],"class_list":{"0":"post-178","1":"product","2":"type-product","3":"status-publish","4":"has-post-thumbnail","6":"product_cat-monographies-syntheses-et-colloques","7":"product_tag-aude","8":"product_tag-ceramique","9":"product_tag-habitat","10":"product_tag-languedoc","11":"product_tag-neolithique-final","12":"pa_isbn-978-2-35842-0020","13":"pa_nombre-de-pages-53","14":"has_thumb","16":"first","17":"instock","18":"sale","19":"taxable","20":"shipping-taxable","21":"purchasable","22":"product-type-simple"},"_links":{"self":[{"href":"https:\/\/archeoaep.fr\/index.php?rest_route=\/wp\/v2\/product\/178","targetHints":{"allow":["GET"]}}],"collection":[{"href":"https:\/\/archeoaep.fr\/index.php?rest_route=\/wp\/v2\/product"}],"about":[{"href":"https:\/\/archeoaep.fr\/index.php?rest_route=\/wp\/v2\/types\/product"}],"replies":[{"embeddable":true,"href":"https:\/\/archeoaep.fr\/index.php?rest_route=%2Fwp%2Fv2%2Fcomments&post=178"}],"wp:featuredmedia":[{"embeddable":true,"href":"https:\/\/archeoaep.fr\/index.php?rest_route=\/wp\/v2\/media\/65"}],"wp:attachment":[{"href":"https:\/\/archeoaep.fr\/index.php?rest_route=%2Fwp%2Fv2%2Fmedia&parent=178"}],"wp:term":[{"taxonomy":"product_brand","embeddable":true,"href":"https:\/\/archeoaep.fr\/index.php?rest_route=%2Fwp%2Fv2%2Fproduct_brand&post=178"},{"taxonomy":"product_cat","embeddable":true,"href":"https:\/\/archeoaep.fr\/index.php?rest_route=%2Fwp%2Fv2%2Fproduct_cat&post=178"},{"taxonomy":"product_tag","embeddable":true,"href":"https:\/\/archeoaep.fr\/index.php?rest_route=%2Fwp%2Fv2%2Fproduct_tag&post=178"}],"curies":[{"name":"wp","href":"https:\/\/api.w.org\/{rel}","templated":true}]}}