{"id":180,"date":"1993-09-30T20:46:31","date_gmt":"1993-09-30T19:46:31","guid":{"rendered":"http:\/\/www.archeoaep.fr\/?product=dourgne"},"modified":"2023-06-20T08:32:19","modified_gmt":"2023-06-20T07:32:19","slug":"dourgne","status":"publish","type":"product","link":"https:\/\/archeoaep.fr\/?product=dourgne","title":{"rendered":"Dourgne"},"content":{"rendered":"<div>\n<div>\n<h1>Dourgne. Derniers chasseurs-collecteurs et premiers \u00e9leveurs de la Haute-Vall\u00e9e de l\u2019Aude.<\/h1>\n<\/div>\n<\/div>\n<h3><strong>1993<\/strong>, Jean GUILAINE <i>et al<\/i><i>.<\/i><\/h3>\n<p>Cinq campagnes de fouilles, de 1972 \u00e0 1981, dans l\u2019abri du Roc de Dourgne ont mis en \u00e9vidence la premi\u00e8re stratigraphie reconnue de la r\u00e9gion est-pyr\u00e9n\u00e9enne portant sur des niveaux du M\u00e9solithique et du N\u00e9olithique ancien.<\/p>\n<p>L\u2019\u00e9tude approfondie, conduite par vingt-deux sp\u00e9cialistes, a permis d\u2019aborder les sujets les plus vari\u00e9s sur les derniers chasseurs-collecteurs et sur les premi\u00e8res soci\u00e9t\u00e9s agro-pastorales de la Haute-Vall\u00e9e de l\u2019Aude\u00a0: \u00e9volution de l\u2019environnement pendant trois mill\u00e9naires, identit\u00e9 des cultures, origine des mat\u00e9riaux lithiques utilis\u00e9s, activit\u00e9s compl\u00e9mentaires de chasse et d\u2019\u00e9levage, d\u00e9but du pastoralisme, transformations progressives dans l\u2019exploitation de la montagne, degr\u00e9 de fluidit\u00e9 entre groupes humains.<\/p>\n","protected":false},"excerpt":{"rendered":"<p>Dourgne. Derniers chasseurs-collecteurs et premiers \u00e9leveurs de la Haute-Vall\u00e9e de l\u2019Aude. 1993, Jean GUILAINE et al. Cinq campagnes de fouilles, de 1972 \u00e0 1981, dans l\u2019abri du Roc de Dourgne [&hellip;]<\/p>\n","protected":false},"featured_media":54,"comment_status":"closed","ping_status":"closed","template":"","meta":[],"product_brand":[],"product_cat":[166],"product_tag":[81,21,78,105,127,94,23,99,119,108,20,79,104],"class_list":{"0":"post-180","1":"product","2":"type-product","3":"status-publish","4":"has-post-thumbnail","6":"product_cat-monographies-syntheses-et-colloques","7":"product_tag-aude","8":"product_tag-ceramique","9":"product_tag-chasseen","10":"product_tag-chronologie","11":"product_tag-epicardial","12":"product_tag-grotte","13":"product_tag-industrie-lithique","14":"product_tag-languedoc","15":"product_tag-mesolithique","16":"product_tag-neolithique-ancien","17":"product_tag-neolithique-final","18":"product_tag-neolithique-moyen","19":"product_tag-stratigraphie","20":"pa_isbn-978-2-35842-0020","21":"pa_nombre-de-pages-55","22":"pa_poids-2-1","23":"has_thumb","25":"first","26":"instock","27":"sale","28":"taxable","29":"shipping-taxable","30":"purchasable","31":"product-type-simple"},"_links":{"self":[{"href":"https:\/\/archeoaep.fr\/index.php?rest_route=\/wp\/v2\/product\/180","targetHints":{"allow":["GET"]}}],"collection":[{"href":"https:\/\/archeoaep.fr\/index.php?rest_route=\/wp\/v2\/product"}],"about":[{"href":"https:\/\/archeoaep.fr\/index.php?rest_route=\/wp\/v2\/types\/product"}],"replies":[{"embeddable":true,"href":"https:\/\/archeoaep.fr\/index.php?rest_route=%2Fwp%2Fv2%2Fcomments&post=180"}],"wp:featuredmedia":[{"embeddable":true,"href":"https:\/\/archeoaep.fr\/index.php?rest_route=\/wp\/v2\/media\/54"}],"wp:attachment":[{"href":"https:\/\/archeoaep.fr\/index.php?rest_route=%2Fwp%2Fv2%2Fmedia&parent=180"}],"wp:term":[{"taxonomy":"product_brand","embeddable":true,"href":"https:\/\/archeoaep.fr\/index.php?rest_route=%2Fwp%2Fv2%2Fproduct_brand&post=180"},{"taxonomy":"product_cat","embeddable":true,"href":"https:\/\/archeoaep.fr\/index.php?rest_route=%2Fwp%2Fv2%2Fproduct_cat&post=180"},{"taxonomy":"product_tag","embeddable":true,"href":"https:\/\/archeoaep.fr\/index.php?rest_route=%2Fwp%2Fv2%2Fproduct_tag&post=180"}],"curies":[{"name":"wp","href":"https:\/\/api.w.org\/{rel}","templated":true}]}}