{"id":181,"date":"1989-09-30T20:49:08","date_gmt":"1989-09-30T19:49:08","guid":{"rendered":"http:\/\/www.archeoaep.fr\/?product=ornaisons-medor"},"modified":"2026-04-03T15:52:24","modified_gmt":"2026-04-03T14:52:24","slug":"ornaisons-medor","status":"publish","type":"product","link":"https:\/\/archeoaep.fr\/?product=ornaisons-medor","title":{"rendered":"Ornaisons-M\u00e9dor"},"content":{"rendered":"<div>\n<div>\n<h1>Ornaisons-M\u00e9dor. Arch\u00e9ologie et \u00e9cologie d\u2019un site de l\u2019\u00e2ge du Cuivre, de l\u2019\u00e2ge du Bronze et de l\u2019Antiquit\u00e9 tardive.<\/h1>\n<\/div>\n<\/div>\n<h3><strong>1989<\/strong>, Jean GUILAINE <i>et al<\/i><i>.<\/i><\/h3>\n<p>Ce site du Narbonnais a r\u00e9v\u00e9l\u00e9 la pr\u00e9sence d\u2019un foss\u00e9 chalcolithique combl\u00e9 par une abondante documentation c\u00e9ramique attribuable au faci\u00e8s pyr\u00e9n\u00e9en de la civilisation du vase campaniforme\u00a0: poterie d\u00e9cor\u00e9e et poterie \u00a0\u00bb d\u2019accompagnement \u00a0\u00bb s\u2019y c\u00f4toient faisant de M\u00e9dor un site de r\u00e9f\u00e9rence en la mati\u00e8re. Les lieux ont \u00e9t\u00e9 \u00e9galement occup\u00e9s au cours de l\u2019\u00e2ge du Bronze final\u00a0: plusieurs fosses remplies de rebuts domestiques en t\u00e9moignent. Enfin, d\u2019autres fosses de l\u2019Antiquit\u00e9 tardive ont livr\u00e9 d\u2019abondants macro-restes v\u00e9g\u00e9taux qui permettent de restituer certains aspects du paysage narbonnais vers les Ve et VIe si\u00e8cles de notre \u00e8re.<\/p>\n<p>&nbsp;<\/p>\n","protected":false},"excerpt":{"rendered":"<p>Ornaisons-M\u00e9dor. Arch\u00e9ologie et \u00e9cologie d\u2019un site de l\u2019\u00e2ge du Cuivre, de l\u2019\u00e2ge du Bronze et de l\u2019Antiquit\u00e9 tardive. 1989, Jean GUILAINE et al. Ce site du Narbonnais a r\u00e9v\u00e9l\u00e9 la [&hellip;]<\/p>\n","protected":false},"featured_media":62,"comment_status":"closed","ping_status":"closed","template":"","meta":[],"product_brand":[],"product_cat":[166],"product_tag":[81,99,20],"class_list":{"0":"post-181","1":"product","2":"type-product","3":"status-publish","4":"has-post-thumbnail","6":"product_cat-monographies-syntheses-et-colloques","7":"product_tag-aude","8":"product_tag-languedoc","9":"product_tag-neolithique-final","10":"pa_isbn-978-2-35842-0020","11":"pa_nombre-de-pages-56","12":"has_thumb","14":"first","15":"instock","16":"sale","17":"taxable","18":"shipping-taxable","19":"purchasable","20":"product-type-simple"},"_links":{"self":[{"href":"https:\/\/archeoaep.fr\/index.php?rest_route=\/wp\/v2\/product\/181","targetHints":{"allow":["GET"]}}],"collection":[{"href":"https:\/\/archeoaep.fr\/index.php?rest_route=\/wp\/v2\/product"}],"about":[{"href":"https:\/\/archeoaep.fr\/index.php?rest_route=\/wp\/v2\/types\/product"}],"replies":[{"embeddable":true,"href":"https:\/\/archeoaep.fr\/index.php?rest_route=%2Fwp%2Fv2%2Fcomments&post=181"}],"wp:featuredmedia":[{"embeddable":true,"href":"https:\/\/archeoaep.fr\/index.php?rest_route=\/wp\/v2\/media\/62"}],"wp:attachment":[{"href":"https:\/\/archeoaep.fr\/index.php?rest_route=%2Fwp%2Fv2%2Fmedia&parent=181"}],"wp:term":[{"taxonomy":"product_brand","embeddable":true,"href":"https:\/\/archeoaep.fr\/index.php?rest_route=%2Fwp%2Fv2%2Fproduct_brand&post=181"},{"taxonomy":"product_cat","embeddable":true,"href":"https:\/\/archeoaep.fr\/index.php?rest_route=%2Fwp%2Fv2%2Fproduct_cat&post=181"},{"taxonomy":"product_tag","embeddable":true,"href":"https:\/\/archeoaep.fr\/index.php?rest_route=%2Fwp%2Fv2%2Fproduct_tag&post=181"}],"curies":[{"name":"wp","href":"https:\/\/api.w.org\/{rel}","templated":true}]}}