{"id":190,"date":"1991-09-30T20:58:36","date_gmt":"1991-09-30T19:58:36","guid":{"rendered":"http:\/\/www.archeoaep.fr\/?product=aep-11"},"modified":"2020-06-09T16:32:40","modified_gmt":"2020-06-09T15:32:40","slug":"aep-11","status":"publish","type":"product","link":"https:\/\/archeoaep.fr\/?product=aep-11","title":{"rendered":"AEP 11 &#8211; Fontfaur\u00e8s en Quercy"},"content":{"rendered":"<h2>AEP n\u00b0\u00a011 &#8211; Fontfaur\u00e8s en Quercy. Contribution \u00e0 l\u2019\u00e9tude du Sauveterrien.<\/h2>\n<h3><strong>Michel BARBAZA dir., 1991<\/strong><\/h3>\n<p>Monographie d\u2019un abri sauveterrien du d\u00e9partement du Lot. Contribution \u00e0 l\u2019\u00e9tude du M\u00e9solithique moyen en France m\u00e9ridionale.<\/p>\n","protected":false},"excerpt":{"rendered":"<p>AEP n\u00b0\u00a011 &#8211; Fontfaur\u00e8s en Quercy. Contribution \u00e0 l\u2019\u00e9tude du Sauveterrien. Michel BARBAZA dir., 1991 Monographie d\u2019un abri sauveterrien du d\u00e9partement du Lot. Contribution \u00e0 l\u2019\u00e9tude du M\u00e9solithique moyen en [&hellip;]<\/p>\n","protected":false},"featured_media":35,"comment_status":"closed","ping_status":"closed","template":"","meta":[],"product_brand":[],"product_cat":[165],"product_tag":[23,84,85,22],"class_list":{"0":"post-190","1":"product","2":"type-product","3":"status-publish","4":"has-post-thumbnail","6":"product_cat-archives-decologie-prehistorique","7":"product_tag-industrie-lithique","8":"product_tag-mesolithique-ancien","9":"product_tag-sauveterrien","10":"product_tag-silex","11":"pa_nombre-de-pages-67","12":"has_thumb","14":"first","15":"instock","16":"sale","17":"taxable","18":"shipping-taxable","19":"purchasable","20":"product-type-simple"},"_links":{"self":[{"href":"https:\/\/archeoaep.fr\/index.php?rest_route=\/wp\/v2\/product\/190","targetHints":{"allow":["GET"]}}],"collection":[{"href":"https:\/\/archeoaep.fr\/index.php?rest_route=\/wp\/v2\/product"}],"about":[{"href":"https:\/\/archeoaep.fr\/index.php?rest_route=\/wp\/v2\/types\/product"}],"replies":[{"embeddable":true,"href":"https:\/\/archeoaep.fr\/index.php?rest_route=%2Fwp%2Fv2%2Fcomments&post=190"}],"wp:featuredmedia":[{"embeddable":true,"href":"https:\/\/archeoaep.fr\/index.php?rest_route=\/wp\/v2\/media\/35"}],"wp:attachment":[{"href":"https:\/\/archeoaep.fr\/index.php?rest_route=%2Fwp%2Fv2%2Fmedia&parent=190"}],"wp:term":[{"taxonomy":"product_brand","embeddable":true,"href":"https:\/\/archeoaep.fr\/index.php?rest_route=%2Fwp%2Fv2%2Fproduct_brand&post=190"},{"taxonomy":"product_cat","embeddable":true,"href":"https:\/\/archeoaep.fr\/index.php?rest_route=%2Fwp%2Fv2%2Fproduct_cat&post=190"},{"taxonomy":"product_tag","embeddable":true,"href":"https:\/\/archeoaep.fr\/index.php?rest_route=%2Fwp%2Fv2%2Fproduct_tag&post=190"}],"curies":[{"name":"wp","href":"https:\/\/api.w.org\/{rel}","templated":true}]}}