{"id":198,"date":"1978-09-30T21:00:12","date_gmt":"1978-09-30T20:00:12","guid":{"rendered":"http:\/\/www.archeoaep.fr\/?product=aep-3"},"modified":"2013-11-03T07:19:23","modified_gmt":"2013-11-03T06:19:23","slug":"aep-3","status":"publish","type":"product","link":"https:\/\/archeoaep.fr\/?product=aep-3","title":{"rendered":"AEP 3 &#8211;  La pal\u00e9osp\u00e9l\u00e9ologie"},"content":{"rendered":"<h2>AEP n\u00b0 3 &#8211; La pal\u00e9osp\u00e9l\u00e9ologie\u00a0: l\u2019homme et le milieu souterrain pyr\u00e9n\u00e9en au Pal\u00e9olithique sup\u00e9rieur.<\/h2>\n<h3><strong>Fran\u00e7ois ROUZAUD, 1978<br \/>\n<\/strong><\/h3>\n<p>D\u00e9couverte du milieu souterrain pyr\u00e9n\u00e9en par l\u2019homme\u00a0: itin\u00e9raires, cheminements, probl\u00e8mes de progression et d\u2019\u00e9clairage dans les grottes au Pal\u00e9olithique sup\u00e9rieur. Etude fond\u00e9e sur la r\u00e9partition de l\u2019art pari\u00e9tal, des traces sur argile, des zones de s\u00e9jour, des vestiges mutil\u00e9s. Plans, souvent in\u00e9dits, des principales et c\u00e9l\u00e8bres cavit\u00e9s pyr\u00e9n\u00e9ennes.<\/p>\n","protected":false},"excerpt":{"rendered":"<p>AEP n\u00b0 3 &#8211; La pal\u00e9osp\u00e9l\u00e9ologie\u00a0: l\u2019homme et le milieu souterrain pyr\u00e9n\u00e9en au Pal\u00e9olithique sup\u00e9rieur. Fran\u00e7ois ROUZAUD, 1978 D\u00e9couverte du milieu souterrain pyr\u00e9n\u00e9en par l\u2019homme\u00a0: itin\u00e9raires, cheminements, probl\u00e8mes de progression [&hellip;]<\/p>\n","protected":false},"featured_media":27,"comment_status":"closed","ping_status":"closed","template":"","meta":[],"product_brand":[],"product_cat":[165],"product_tag":[94],"class_list":{"0":"post-198","1":"product","2":"type-product","3":"status-publish","4":"has-post-thumbnail","6":"product_cat-archives-decologie-prehistorique","7":"product_tag-grotte","8":"pa_nombre-de-pages-61","9":"has_thumb","11":"first","12":"outofstock","13":"taxable","14":"shipping-taxable","15":"purchasable","16":"product-type-simple"},"_links":{"self":[{"href":"https:\/\/archeoaep.fr\/index.php?rest_route=\/wp\/v2\/product\/198","targetHints":{"allow":["GET"]}}],"collection":[{"href":"https:\/\/archeoaep.fr\/index.php?rest_route=\/wp\/v2\/product"}],"about":[{"href":"https:\/\/archeoaep.fr\/index.php?rest_route=\/wp\/v2\/types\/product"}],"replies":[{"embeddable":true,"href":"https:\/\/archeoaep.fr\/index.php?rest_route=%2Fwp%2Fv2%2Fcomments&post=198"}],"wp:featuredmedia":[{"embeddable":true,"href":"https:\/\/archeoaep.fr\/index.php?rest_route=\/wp\/v2\/media\/27"}],"wp:attachment":[{"href":"https:\/\/archeoaep.fr\/index.php?rest_route=%2Fwp%2Fv2%2Fmedia&parent=198"}],"wp:term":[{"taxonomy":"product_brand","embeddable":true,"href":"https:\/\/archeoaep.fr\/index.php?rest_route=%2Fwp%2Fv2%2Fproduct_brand&post=198"},{"taxonomy":"product_cat","embeddable":true,"href":"https:\/\/archeoaep.fr\/index.php?rest_route=%2Fwp%2Fv2%2Fproduct_cat&post=198"},{"taxonomy":"product_tag","embeddable":true,"href":"https:\/\/archeoaep.fr\/index.php?rest_route=%2Fwp%2Fv2%2Fproduct_tag&post=198"}],"curies":[{"name":"wp","href":"https:\/\/api.w.org\/{rel}","templated":true}]}}