{"id":218,"date":"2003-10-01T20:40:27","date_gmt":"2003-10-01T19:40:27","guid":{"rendered":"http:\/\/www.archeoaep.fr\/?product=gisements-post-glaciaires-en-bas-quercy"},"modified":"2023-05-30T13:30:13","modified_gmt":"2023-05-30T12:30:13","slug":"gisements-post-glaciaires-en-bas-quercy","status":"publish","type":"product","link":"https:\/\/archeoaep.fr\/?product=gisements-post-glaciaires-en-bas-quercy","title":{"rendered":"Gisements post-glaciaires en Bas-Quercy"},"content":{"rendered":"<div>\n<div>\n<h2>Gisements post-glaciaires en Bas-Quercy<\/h2>\n<h3><strong><strong>2003<\/strong>, Catherine AMIEL, Laure-Am\u00e9lie LELOUVIER \u00e9d.<\/strong><\/h3>\n<p><strong>Recherches en Arch\u00e9ologie Pr\u00e9ventives, 1<\/strong><\/p>\n<p>(AEP\/Centre d\u2019Anthropologie et INRAP)<\/p>\n<p>Al Poux et Camp Jouanet, premiers gisements m\u00e9solithiques de plein air explor\u00e9s dans de bonnes conditions en Midi-Pyr\u00e9n\u00e9es.<\/p><\/div>\n<\/div>\n","protected":false},"excerpt":{"rendered":"<p>Gisements post-glaciaires en Bas-Quercy 2003, Catherine AMIEL, Laure-Am\u00e9lie LELOUVIER \u00e9d. Recherches en Arch\u00e9ologie Pr\u00e9ventives, 1 (AEP\/Centre d\u2019Anthropologie et INRAP) Al Poux et Camp Jouanet, premiers gisements m\u00e9solithiques de plein air [&hellip;]<\/p>\n","protected":false},"featured_media":42,"comment_status":"closed","ping_status":"closed","template":"","meta":[],"product_brand":[],"product_cat":[167],"product_tag":[123,23,119,83],"class_list":{"0":"post-218","1":"product","2":"type-product","3":"status-publish","4":"has-post-thumbnail","6":"product_cat-recherches-en-archeologie-preventive","7":"product_tag-epipaleolithique","8":"product_tag-industrie-lithique","9":"product_tag-mesolithique","10":"product_tag-midi-pyrenees","11":"pa_isbn-38","12":"has_thumb","14":"first","15":"instock","16":"sale","17":"taxable","18":"shipping-taxable","19":"purchasable","20":"product-type-simple"},"_links":{"self":[{"href":"https:\/\/archeoaep.fr\/index.php?rest_route=\/wp\/v2\/product\/218","targetHints":{"allow":["GET"]}}],"collection":[{"href":"https:\/\/archeoaep.fr\/index.php?rest_route=\/wp\/v2\/product"}],"about":[{"href":"https:\/\/archeoaep.fr\/index.php?rest_route=\/wp\/v2\/types\/product"}],"replies":[{"embeddable":true,"href":"https:\/\/archeoaep.fr\/index.php?rest_route=%2Fwp%2Fv2%2Fcomments&post=218"}],"wp:featuredmedia":[{"embeddable":true,"href":"https:\/\/archeoaep.fr\/index.php?rest_route=\/wp\/v2\/media\/42"}],"wp:attachment":[{"href":"https:\/\/archeoaep.fr\/index.php?rest_route=%2Fwp%2Fv2%2Fmedia&parent=218"}],"wp:term":[{"taxonomy":"product_brand","embeddable":true,"href":"https:\/\/archeoaep.fr\/index.php?rest_route=%2Fwp%2Fv2%2Fproduct_brand&post=218"},{"taxonomy":"product_cat","embeddable":true,"href":"https:\/\/archeoaep.fr\/index.php?rest_route=%2Fwp%2Fv2%2Fproduct_cat&post=218"},{"taxonomy":"product_tag","embeddable":true,"href":"https:\/\/archeoaep.fr\/index.php?rest_route=%2Fwp%2Fv2%2Fproduct_tag&post=218"}],"curies":[{"name":"wp","href":"https:\/\/api.w.org\/{rel}","templated":true}]}}