{"id":318,"date":"2013-11-03T09:24:40","date_gmt":"2013-11-03T08:24:40","guid":{"rendered":"http:\/\/www.archeoaep.fr\/?product=la-grotte-du-gardon-ain-volumes-i-et-ii"},"modified":"2013-11-14T17:46:31","modified_gmt":"2013-11-14T16:46:31","slug":"la-grotte-du-gardon-ain-volumes-i-et-ii","status":"publish","type":"product","link":"https:\/\/archeoaep.fr\/?product=la-grotte-du-gardon-ain-volumes-i-et-ii","title":{"rendered":"La grotte du Gardon (Ain), volumes I et II"},"content":{"rendered":"<h1>La grotte du Gardon (Ain), volumes I et II<\/h1>\n<p><strong>2009 et 2013<\/strong><\/p>\n<p>La grotte du Gardon \u00e0 Amb\u00e9rieu-en-Bugey (Ain), au sud du Jura, a fait l\u2019objet, durant plus de quinze ann\u00e9es, d\u2019une importante fouille programm\u00e9e afin d\u2019\u00e9tablir une nouvelle s\u00e9quence chrono-culturelle de\u00a0r\u00e9f\u00e9rence pour la Pr\u00e9histoire r\u00e9cente du haut Bassin rhodanien. La monographie du gisement rassemblera au final 3 volumes.<\/p>\n<p>Le <a title=\"La grotte du Gardon (Ain), volume I\" href=\"http:\/\/www.archeoaep.fr\/?product=la-grotte-du-gardon-ain-volume-i\">premier volume<\/a>, paru en 2009, pr\u00e9sentait le site dans son contexte g\u00e9ographique et g\u00e9ologique, les r\u00e9sultats des fouilles anciennes, la stratigraphie, les datations absolues et les facteurs de remplissage ainsi que son\u00a0environnement, qu\u2019il soit arch\u00e9ologique ou naturel. Les occupations les plus anciennes y sont \u00e9galement pr\u00e9sent\u00e9es avec les ensembles du M\u00e9solithique et du N\u00e9olithique ancien (c. 60-54 entre 5300 et 4800 avant notre \u00e8re)\u00a0ainsi que du N\u00e9olithique moyen I (Saint-Uze, c. 52-48 entre 4700 et 4300 avant notre \u00e8re).<\/p>\n<p>Le <a title=\"La grotte du Gardon (Ain), volume II\" href=\"http:\/\/www.archeoaep.fr\/?product=gardon-2\">second volume<\/a> pr\u00e9sente les importantes occupations du N\u00e9olithique moyen II, depuis des niveaux assez peu document\u00e9s (c. 47-46, vers\u00a04300-4000 avant notre \u00e8re) jusqu\u2019\u00e0 d\u2019\u00e9pais niveaux du N\u00e9olithique Moyen Bourguignon (NMB, c. 44-40, entre 4100\/4000 et 3800 av. J.-C.). La s\u00e9quence se poursuit avec une importante s\u00e9pulture collective \u00e0\u00a0incin\u00e9rations (c. 35, entre 3600 et 3100 avant notre \u00e8re). Une reprise d\u2019activit\u00e9 de la r\u00e9surgence karstique coupl\u00e9e \u00e0 un changement des modalit\u00e9s d\u2019occupation de la grotte a entra\u00een\u00e9 une moins bonne conservation des\u00a0occupations du N\u00e9olithique final, entre 2800 et 2500 avant notre \u00e8re. Quelques ensembles du Campaniforme et du Bronze ancien viennent clore la partie pr\u00e9sent\u00e9e dans ce second volume.<\/p>\n<p>Le manuscrit du troisi\u00e8me est actuellement en cours de pr\u00e9paration.<\/p>\n","protected":false},"excerpt":{"rendered":"<p>La grotte du Gardon (Ain), volumes I et II 2009 et 2013 La grotte du Gardon \u00e0 Amb\u00e9rieu-en-Bugey (Ain), au sud du Jura, a fait l\u2019objet, durant plus de quinze [&hellip;]<\/p>\n","protected":false},"featured_media":326,"comment_status":"closed","ping_status":"closed","template":"","meta":[],"product_brand":[],"product_cat":[166],"product_tag":[76,24,91,21,92,94,97,135,23,110,119,107,108,20,79,116,114,102,93,26,22,104],"class_list":{"0":"post-318","1":"product","2":"type-product","3":"status-publish","4":"has-post-thumbnail","6":"product_cat-monographies-syntheses-et-colloques","7":"product_tag-age-du-bronze","8":"product_tag-analyse-spatiale","9":"product_tag-archeozoologie","10":"product_tag-ceramique","11":"product_tag-funeraire","12":"product_tag-grotte","13":"product_tag-habitat","14":"product_tag-incineration","15":"product_tag-industrie-lithique","16":"product_tag-industrie-osseuse","17":"product_tag-mesolithique","18":"product_tag-mesolithique-recent","19":"product_tag-neolithique-ancien","20":"product_tag-neolithique-final","21":"product_tag-neolithique-moyen","22":"product_tag-neolithisation","23":"product_tag-pratiques-funeraires","24":"product_tag-rhone-alpes","25":"product_tag-sepultures","26":"product_tag-sepultures-collectives","27":"product_tag-silex","28":"product_tag-stratigraphie","29":"pa_nombre-de-pages-567-et-457","30":"has_thumb","32":"first","33":"instock","34":"taxable","35":"shipping-taxable","36":"purchasable","37":"product-type-simple"},"_links":{"self":[{"href":"https:\/\/archeoaep.fr\/index.php?rest_route=\/wp\/v2\/product\/318","targetHints":{"allow":["GET"]}}],"collection":[{"href":"https:\/\/archeoaep.fr\/index.php?rest_route=\/wp\/v2\/product"}],"about":[{"href":"https:\/\/archeoaep.fr\/index.php?rest_route=\/wp\/v2\/types\/product"}],"replies":[{"embeddable":true,"href":"https:\/\/archeoaep.fr\/index.php?rest_route=%2Fwp%2Fv2%2Fcomments&post=318"}],"wp:featuredmedia":[{"embeddable":true,"href":"https:\/\/archeoaep.fr\/index.php?rest_route=\/wp\/v2\/media\/326"}],"wp:attachment":[{"href":"https:\/\/archeoaep.fr\/index.php?rest_route=%2Fwp%2Fv2%2Fmedia&parent=318"}],"wp:term":[{"taxonomy":"product_brand","embeddable":true,"href":"https:\/\/archeoaep.fr\/index.php?rest_route=%2Fwp%2Fv2%2Fproduct_brand&post=318"},{"taxonomy":"product_cat","embeddable":true,"href":"https:\/\/archeoaep.fr\/index.php?rest_route=%2Fwp%2Fv2%2Fproduct_cat&post=318"},{"taxonomy":"product_tag","embeddable":true,"href":"https:\/\/archeoaep.fr\/index.php?rest_route=%2Fwp%2Fv2%2Fproduct_tag&post=318"}],"curies":[{"name":"wp","href":"https:\/\/api.w.org\/{rel}","templated":true}]}}

<h1>La grotte du Gardon (Ain), volumes I et II</h1>
<p><strong>2009 et 2013</strong></p>
<p>La grotte du Gardon à Ambérieu-en-Bugey (Ain), au sud du Jura, a fait l’objet, durant plus de quinze années, d’une importante fouille programmée afin d’établir une nouvelle séquence chrono-culturelle de référence pour la Préhistoire récente du haut Bassin rhodanien. La monographie du gisement rassemblera au final 3 volumes.</p>
<p>Le <a title="La grotte du Gardon (Ain), volume I" href="http://www.archeoaep.fr/?product=la-grotte-du-gardon-ain-volume-i">premier volume</a>, paru en 2009, présentait le site dans son contexte géographique et géologique, les résultats des fouilles anciennes, la stratigraphie, les datations absolues et les facteurs de remplissage ainsi que son environnement, qu’il soit archéologique ou naturel. Les occupations les plus anciennes y sont également présentées avec les ensembles du Mésolithique et du Néolithique ancien (c. 60-54 entre 5300 et 4800 avant notre ère) ainsi que du Néolithique moyen I (Saint-Uze, c. 52-48 entre 4700 et 4300 avant notre ère).</p>
<p>Le <a title="La grotte du Gardon (Ain), volume II" href="http://www.archeoaep.fr/?product=gardon-2">second volume</a> présente les importantes occupations du Néolithique moyen II, depuis des niveaux assez peu documentés (c. 47-46, vers 4300-4000 avant notre ère) jusqu’à d’épais niveaux du Néolithique Moyen Bourguignon (NMB, c. 44-40, entre 4100/4000 et 3800 av. J.-C.). La séquence se poursuit avec une importante sépulture collective à incinérations (c. 35, entre 3600 et 3100 avant notre ère). Une reprise d’activité de la résurgence karstique couplée à un changement des modalités d’occupation de la grotte a entraîné une moins bonne conservation des occupations du Néolithique final, entre 2800 et 2500 avant notre ère. Quelques ensembles du Campaniforme et du Bronze ancien viennent clore la partie présentée dans ce second volume.</p>
<p>Le manuscrit du troisième est actuellement en cours de préparation.</p>

<p>La grotte du Gardon (Ain), volumes I et II 2009 et 2013 La grotte du Gardon à Ambérieu-en-Bugey (Ain), au sud du Jura, a fait l’objet, durant plus de quinze [&hellip;]</p>
