{"id":533,"date":"2016-09-18T19:15:55","date_gmt":"2016-09-18T18:15:55","guid":{"rendered":"http:\/\/www.archeoaep.fr\/?product=la-cinerite-de-requista-productions-et-diffusion"},"modified":"2025-01-22T18:02:56","modified_gmt":"2025-01-22T17:02:56","slug":"la-cinerite-de-requista-productions-et-diffusion","status":"publish","type":"product","link":"https:\/\/archeoaep.fr\/?product=la-cinerite-de-requista-productions-et-diffusion","title":{"rendered":"La cin\u00e9rite de R\u00e9quista. Productions et diffusion"},"content":{"rendered":"<p>La cin\u00e9rite est une roche d\u2019origine volcanique constitu\u00e9e de cendres qui se sont accumul\u00e9es dans un bassin lacustre du Carbonif\u00e8re. Le seul g\u00eete r\u00e9gional o\u00f9 elle affleure pr\u00e8s de R\u00e9quista (Aveyron) a servi de carri\u00e8re durant la pr\u00e9histoire. La cin\u00e9rite a \u00e9t\u00e9 exploit\u00e9e d\u00e8s le Pal\u00e9olithique pour fabriquer des outils sur \u00e9clats et sur lames. Au N\u00e9olithique, cette roche a \u00e9t\u00e9 utilis\u00e9e \u00e0 grande \u00e9chelle pour la production de lames de haches polies. La d\u00e9couverte et le ramassage de milliers de pi\u00e8ces sur plusieurs ateliers de taille \u00e9clairent sous un jour nouveau la pr\u00e9histoire r\u00e9gionale. L\u2019\u00e9tude des sites de production et des sites r\u00e9cepteurs permet de cerner l\u2019\u00e9tendue des r\u00e9seaux de diffusion et de dater les diff\u00e9rentes \u00e9tapes de l\u2019exploitation pr\u00e9historique de cette mati\u00e8re premi\u00e8re exceptionnelle.<br \/>\nThe cinerite is a rock from volcanic origin, made of ashes which accumulated in a lacustrine basin of the Carboniferous period. The unique regional layer where this rock crops out near R\u00e9quista (Aveyron) served as a quarry during the prehistoric periods. The cinerite was exploited as soon as the Paleolithic to produce tools on flakes and blades. During the Neolithic, this rock was used in a large scale to produce the blades of polished axes. The discovery and the collecting of thousands of pieces on several knapping workshops throw a bright light on the regional prehistory. The study of the sites of production and those of reception allows to surround the extent of the diffusion nets and to date the different steps of the prehistoric exploitation of this exceptional raw material.<\/p>\n","protected":false},"excerpt":{"rendered":"<p>La cin\u00e9rite est une roche d\u2019origine volcanique constitu\u00e9e de cendres qui se sont accumul\u00e9es dans un bassin lacustre du Carbonif\u00e8re. Le seul g\u00eete r\u00e9gional o\u00f9 elle affleure pr\u00e8s de R\u00e9quista [&hellip;]<\/p>\n","protected":false},"featured_media":598,"comment_status":"closed","ping_status":"closed","template":"","meta":[],"product_brand":[],"product_cat":[166],"product_tag":[171,173,174,97,172,23,119,83,75,20,79,27],"class_list":{"0":"post-533","1":"product","2":"type-product","3":"status-publish","4":"has-post-thumbnail","6":"product_cat-monographies-syntheses-et-colloques","7":"product_tag-aveyron","8":"product_tag-cinerite","9":"product_tag-diffusion","10":"product_tag-habitat","11":"product_tag-haches","12":"product_tag-industrie-lithique","13":"product_tag-mesolithique","14":"product_tag-midi-pyrenees","15":"product_tag-neolithique","16":"product_tag-neolithique-final","17":"product_tag-neolithique-moyen","18":"product_tag-sud-de-la-france","19":"pa_isbn-170","20":"has_thumb","22":"first","23":"instock","24":"taxable","25":"shipping-taxable","26":"purchasable","27":"product-type-simple"},"_links":{"self":[{"href":"https:\/\/archeoaep.fr\/index.php?rest_route=\/wp\/v2\/product\/533","targetHints":{"allow":["GET"]}}],"collection":[{"href":"https:\/\/archeoaep.fr\/index.php?rest_route=\/wp\/v2\/product"}],"about":[{"href":"https:\/\/archeoaep.fr\/index.php?rest_route=\/wp\/v2\/types\/product"}],"replies":[{"embeddable":true,"href":"https:\/\/archeoaep.fr\/index.php?rest_route=%2Fwp%2Fv2%2Fcomments&post=533"}],"wp:featuredmedia":[{"embeddable":true,"href":"https:\/\/archeoaep.fr\/index.php?rest_route=\/wp\/v2\/media\/598"}],"wp:attachment":[{"href":"https:\/\/archeoaep.fr\/index.php?rest_route=%2Fwp%2Fv2%2Fmedia&parent=533"}],"wp:term":[{"taxonomy":"product_brand","embeddable":true,"href":"https:\/\/archeoaep.fr\/index.php?rest_route=%2Fwp%2Fv2%2Fproduct_brand&post=533"},{"taxonomy":"product_cat","embeddable":true,"href":"https:\/\/archeoaep.fr\/index.php?rest_route=%2Fwp%2Fv2%2Fproduct_cat&post=533"},{"taxonomy":"product_tag","embeddable":true,"href":"https:\/\/archeoaep.fr\/index.php?rest_route=%2Fwp%2Fv2%2Fproduct_tag&post=533"}],"curies":[{"name":"wp","href":"https:\/\/api.w.org\/{rel}","templated":true}]}}