{"id":850,"date":"2020-01-20T23:36:24","date_gmt":"2020-01-20T22:36:24","guid":{"rendered":"http:\/\/www.archeoaep.fr\/?post_type=product&#038;p=850"},"modified":"2025-01-23T08:46:47","modified_gmt":"2025-01-23T07:46:47","slug":"le-dolmen-de-saint-eugene-autopsie-dune-sepulture-collective-neolithique","status":"publish","type":"product","link":"https:\/\/archeoaep.fr\/?product=le-dolmen-de-saint-eugene-autopsie-dune-sepulture-collective-neolithique","title":{"rendered":"Le dolmen de Saint-Eug\u00e8ne : autopsie d&rsquo;une s\u00e9pulture collective n\u00e9olithique"},"content":{"rendered":"<p>Sous la direction de Jean GUILAINE<\/p>\n<p>Le dolmen de Saint-Eug\u00e8ne (Laure-Minervois, Aude) est l\u2019un des monuments m\u00e9galithiques les plus embl\u00e9matiques et les plus connus du Sud de la France. Il fait partie du groupe des galeries allong\u00e9es (ou \u00ab all\u00e9es \u00bb) \u00e0 tertre circulaire qui se d\u00e9veloppe du Minervois \u00e0 la Catalogne. Partiellement fouill\u00e9 entre 1924 et 1928, il a fait l\u2019objet entre 1990 et 1994 de recherches \u00e9largies qui en ont r\u00e9v\u00e9l\u00e9 l\u2019architecture complexe, la tombe s\u2019ins\u00e9rant dans un grand tertre \u00e0 quatre murs concentriques.<br \/>\nCet ouvrage d\u00e9crit l\u2019ensemble des campagnes de fouilles et de restauration r\u00e9alis\u00e9es sur ce monument et pr\u00e9sente une s\u00e9rie d\u2019\u00e9tudes d\u00e9taill\u00e9es sur les mobiliers arch\u00e9ologiques qui en proviennent. Dix datations radiocarbone lui assignent une construction dans la seconde moiti\u00e9 du IVe mill\u00e9naire mais une utilisation qui s\u2019est poursuivie jusqu\u2019aux d\u00e9buts de l\u2019\u00c2ge du bronze. Partiellement conserv\u00e9e, la documentation anthropologique est envisag\u00e9e sous divers aspects : ost\u00e9ologique, odontologique, pal\u00e9opathologique, pal\u00e9og\u00e9n\u00e9tique. Des chapitres de synth\u00e8se replacent le monument dans son contexte architectural et culturel de l\u2019Ouest m\u00e9diterran\u00e9en.<\/p>\n<p><em>The dolmen of Saint-Eug\u00e8ne (Laure-Minervois, Aude) is one of the most emblematic and famous megalithic monuments in the southern part of France. It is part of the group of elongated galleries (or \u00aballeys\u00bb) with circular mounds that develop from the Minervois to Catalonia. Partially excavated between 1924 and 1928, it was the subject of extensive research between 1990 and 1994, which revealed its complex architecture, with the tomb inserted into a large mound with four concentric walls.<\/em><br \/>\n<em>This book describes all the excavation and restoration campaigns carried out on this monument and presents a series of detailed studies on the archaeological artefacts that come from it. Ten radiocarbon dates assign it a construction in the second half of the 4th millennium but its use continued until the beginning of the Bronze Age. Partially preserved, the anthropological documentation is considered under various aspects: osteological, odontological, palaeopathological, palaeogenetic. Synthesis chapters place the monument in its architectural and cultural context of the Western Mediterranean.<\/em><\/p>\n","protected":false},"excerpt":{"rendered":"<p>Sous la direction de Jean GUILAINE Le dolmen de Saint-Eug\u00e8ne (Laure-Minervois, Aude) est l\u2019un des monuments m\u00e9galithiques les plus embl\u00e9matiques et les plus connus du Sud de la France. Il [&hellip;]<\/p>\n","protected":false},"featured_media":854,"comment_status":"closed","ping_status":"closed","template":"","meta":[],"product_brand":[],"product_cat":[166],"product_tag":[21,120,23,208,207,75,20,151,22],"class_list":{"0":"post-850","1":"product","2":"type-product","3":"status-publish","4":"has-post-thumbnail","6":"product_cat-monographies-syntheses-et-colloques","7":"product_tag-ceramique","8":"product_tag-france","9":"product_tag-industrie-lithique","10":"product_tag-megalithes","11":"product_tag-megalithisme","12":"product_tag-neolithique","13":"product_tag-neolithique-final","14":"product_tag-parure","15":"product_tag-silex","16":"pa_isbn-9-782358-420266","17":"pa_nombre-de-pages-246","18":"pa_poids-241","19":"has_thumb","21":"first","22":"instock","23":"taxable","24":"shipping-taxable","25":"purchasable","26":"product-type-simple"},"_links":{"self":[{"href":"https:\/\/archeoaep.fr\/index.php?rest_route=\/wp\/v2\/product\/850","targetHints":{"allow":["GET"]}}],"collection":[{"href":"https:\/\/archeoaep.fr\/index.php?rest_route=\/wp\/v2\/product"}],"about":[{"href":"https:\/\/archeoaep.fr\/index.php?rest_route=\/wp\/v2\/types\/product"}],"replies":[{"embeddable":true,"href":"https:\/\/archeoaep.fr\/index.php?rest_route=%2Fwp%2Fv2%2Fcomments&post=850"}],"wp:featuredmedia":[{"embeddable":true,"href":"https:\/\/archeoaep.fr\/index.php?rest_route=\/wp\/v2\/media\/854"}],"wp:attachment":[{"href":"https:\/\/archeoaep.fr\/index.php?rest_route=%2Fwp%2Fv2%2Fmedia&parent=850"}],"wp:term":[{"taxonomy":"product_brand","embeddable":true,"href":"https:\/\/archeoaep.fr\/index.php?rest_route=%2Fwp%2Fv2%2Fproduct_brand&post=850"},{"taxonomy":"product_cat","embeddable":true,"href":"https:\/\/archeoaep.fr\/index.php?rest_route=%2Fwp%2Fv2%2Fproduct_cat&post=850"},{"taxonomy":"product_tag","embeddable":true,"href":"https:\/\/archeoaep.fr\/index.php?rest_route=%2Fwp%2Fv2%2Fproduct_tag&post=850"}],"curies":[{"name":"wp","href":"https:\/\/api.w.org\/{rel}","templated":true}]}}